m) = t*c(m) + 6*u(m). What is the units digit of p(-1)?
2
What is the hundreds digit of ((4 - -2668)/(-8))/(2/(-3))?
5
Let q = 3034 - 1963. What is the hundreds digit of q?
0
Suppose -v + 2*v = 0. Suppose 2*g - 3*t = -2*t, v = -t. Let p(y) = y**3 + y**2 - y + 12. What is the tens digit of p(g)?
1
Let p(k) = k**3 + 21*k**2 - k - 30. What is the tens digit of p(-20)?
9
Suppose 6*b = 4*b - 8. Let d be ((-12)/(-4) + b)*-4. Suppose -56 - 56 = -d*x. What is the units digit of x?
8
Let o(w) = -1 + 14*w - 4*w + 4 + 4*w. What is the tens digit of o(2)?
3
Let j(w) = 2*w - 1. Let m be j(2). Suppose m*h + 3 = 114. What is the units digit of h?
7
Let g = 24 - 10. Suppose g*s + 46 = 15*s. What is the units digit of s?
6
Suppose 64044 = 10*c + 8*c. What is the thousands digit of c?
3
Let p(w) = 7*w - 6. Let j(n) = 19*n**2 + 2*n + 1. Let i be j(-1). What is the tens digit of p(i)?
2
Let k(s) = -s**2 + 6*s + 13. Let z be k(7). Suppose -z*q = 4*q - 2350. What is the units digit of q?
5
Suppose 642*u - 650*u = -31408. What is the thousands digit of u?
3
Suppose 4*q = 3*i - 1, -5*i + 13 + 0 = -q. Suppose 3*l + a = 3*a + 789, -5*l + 1315 = q*a. What is the units digit of (-4)/(-10) + l/5?
3
Let a be 4/6 + (-50)/(-6). Suppose 0 = 4*g + 16, 0 = 2*j - j - 3*g. What is the units digit of (-6)/(a/j*2)?
4
Suppose -4*p + 20 = 0, 5*v = -3*p + 2*p + 3420. What is the hundreds digit of v?
6
Suppose 4*s - 3*x - 3340 = -s, -5*s = 4*x - 3375. What is the hundreds digit of s?
6
Let d(m) = 10*m + 10. Let u(q) = -q. Let t(c) = -d(c) - 3*u(c). What is the tens digit of t(-8)?
4
Let a = -6 + 319. What is the hundreds digit of a?
3
Suppose 4*j = -4*j - 208. Let a = j + 82. What is the tens digit of a?
5
Suppose t + 4 = 5*y - 2*y, 4*y = -5*t + 56. Suppose 3444 = 29*o - t*o. What is the tens digit of o?
6
Suppose -3*c = -4*w - 1801, w - 10 + 8 = 0. What is the units digit of c?
3
Let i be -4 + 2 + -2 + 6. Suppose 945 = 5*o + 4*d + d, 0 = 5*o - i*d - 945. What is the units digit of o?
9
Let w = 2117 - 1162. What is the hundreds digit of w?
9
Let c(b) = b + 9. Let z(j) = j**2 - j - 7. Let p be z(0). Let r be c(p). Suppose -2*g = r*g - 76. What is the units digit of g?
9
Suppose -176*m = -172*m - 4852. What is the thousands digit of m?
1
Suppose 5*h - 24050 = 5*t, -44*h + 42*h + 9614 = t. What is the tens digit of h?
0
Suppose 22 = -2*q - 6*m + m, -4*q + 3*m = 70. Let r = -8 - q. What is the tens digit of 164/r - (-2)/4?
2
Suppose y - 2*r = 4, -2*y = -r - 7 - 4. What is the tens digit of (-1)/y + (-5117)/(-102)?
5
Suppose 0 = -2*s + 1 + 7. Suppose -o + 6 = -s*o. Let n = 48 - o. What is the tens digit of n?
5
Suppose 3*k + 5*h + 193 = 0, 5*k - 2*h + 367 = h. Let i = k + 109. What is the units digit of i?
8
Suppose 2*m + 5*m - 1379 = 0. Let w = -67 + m. Let j = w - 85. What is the units digit of j?
5
Suppose -1 = v - 3. Suppose 3*i - v*u - 155 = 0, u + 310 - 95 = 4*i. What is the tens digit of i?
5
Let q(h) = 2*h**3 + 50*h**2 - 46*h - 31. What is the tens digit of q(-24)?
2
Let c be (-8)/(-12) + 868/(-6). Let x = c - -214. What is the tens digit of x?
7
Suppose -2*g = 5*c + 22, -c + 14 = -0*c + 5*g. Suppose 3*k - 60 = -3*j, 4*j - 48 = 7*k - 3*k. Let u = j + c. What is the tens digit of u?
1
Suppose 0 = -o, 2*o - 190 = 4*g - 1190. What is the units digit of g?
0
Let k = -7265 + 11205. What is the units digit of k?
0
Suppose 0 = -14*u + 5469 + 60079. What is the hundreds digit of u?
6
Let g = 22 + -25. What is the hundreds digit of (-4 + 6 + -5)/(g/137)?
1
Let t be (-2)/(-10) + 5248/10. Let c = 787 - t. What is the tens digit of c?
6
Let l(w) = -w**3 + 8*w**2 - 5*w + 1578. What is the hundreds digit of l(0)?
5
Let y(h) = 25*h - 74. Let l be y(4). Let r(f) = -f**2 - 13*f - 3. Let q be r(-6). Suppose -l = -5*o + q. What is the units digit of o?
3
Let x(b) = -b**2 - 3*b + 3. Suppose 7*d - 4*p + 32 = 3*d, -4*d = 3*p - 3. Let m be x(d). Suppose m*n - 4*n = -19. What is the tens digit of n?
1
Suppose 12*h = 15*h - 15. Suppose h*n - 3*n = 226. What is the hundreds digit of n?
1
Suppose -9690 = -18*n - 3804. What is the units digit of n?
7
Suppose 4*n + 2*s + 4 = 34, 0 = -4*n + 2*s + 26. Suppose -n*o + 865 = -661. What is the tens digit of o?
1
Let y(n) = 4*n - 33. Let c(f) = f + 1. Let v(u) = 3*c(u) - y(u). What is the tens digit of v(22)?
1
Let v(i) be the second derivative of -i**3 + 6*i**2 + 5*i. Let m be v(5). What is the units digit of ((-2)/6)/(1/m)?
6
Suppose -6*x - 22 = -5*x + 5*p, -2*p = 8. Let t be -2*((-11)/x - -3). Let q(c) = c**3 + 17*c**2 - 4*c - 14. What is the units digit of q(t)?
4
Let f = 9905 + -6918. What is the units digit of f?
7
Let q = -11 - -11. Suppose -2*x + 65 - 21 = q. Suppose -3*m = 2*s - 24, -m + 3*s = -s - x. What is the tens digit of m?
1
Let k be 4/(-10) + (-546)/(-65). Let y(d) = 12*d - 17. Let w(t) = 11*t - 16. Let m(j) = 6*w(j) - 5*y(j). What is the units digit of m(k)?
7
Let m(i) be the second derivative of i**4/4 + 4*i**3/3 - 2*i**2 - i. What is the tens digit of m(7)?
9
Let f(z) = -z**2 - 2*z + 82. Let g be f(8). Suppose -2*t + 171 + 157 = 2*v, -g*t + 320 = 4*v. What is the hundreds digit of t?
1
Suppose -1440 = -8*x - 0*x. What is the tens digit of x?
8
Let o(g) = -g + 36. What is the units digit of o(-22)?
8
Let m = 1179 - 645. What is the tens digit of m?
3
Suppose -8 = -4*i - 2*b, -i - 2*i + 2*b + 20 = 0. Suppose i*y + y = 590. What is the units digit of y?
8
Suppose 6 = b - 9. Suppose -u - b = -192. What is the units digit of u?
7
Suppose 4*w - 22 + 2 = 0. Suppose -w = b - 8. Suppose b*q + 2 = -1, -2*p + 138 = 2*q. What is the units digit of p?
0
Let x = -11 + 20. Let n(y) = -6 + 7*y + x - 1. What is the units digit of n(2)?
6
Let g(q) be the third derivative of -q**5/60 - 3*q**4/8 - q**3/2 - 3*q**2. Let r be g(-5). Let y = r - 15. What is the units digit of y?
2
Suppose 5*d = -h + 4, 5*h + 0 = 20. Suppose d*v - 99 = -v. What is the units digit of v?
9
Let u be -1 + (-3)/(3/(-35)). Let a be 2*u - (13 - 10). Let v = a - 33. What is the tens digit of v?
3
Let k be 6/(-18) - (-1)/3. Suppose 3*p - 25 + 22 = k. What is the units digit of p?
1
Let d(z) = -z**2 + 12*z - 8. Let l be d(11). Suppose 0 = f + 6*o - l*o + 6, 3*f + o - 6 = 0. Let w = 39 - f. What is the tens digit of w?
3
Let b be 151/(-5) - (-20)/(-25). Let q = 43 - b. What is the tens digit of q?
7
Let r = 28 - 25. What is the units digit of (7 - r)/((-6)/(-45))?
0
What is the tens digit of 953 + (-3 - 0) + (20 - 27)?
4
Let g(c) = 4*c**3 - 6*c**2 - 2*c - 14. Let o(k) = 5*k**3 - 6*k**2 - k - 15. Let x(r) = -4*g(r) + 3*o(r). What is the units digit of x(5)?
1
Suppose 420 = 5*d - 5*t, -2*d - 5*t + 63 + 126 = 0. Let v = d + -58. What is the units digit of v?
9
Suppose 3*u + 2*l - 2207 = 0, -5*u + 1458 = -3*u + 4*l. What is the units digit of u?
9
Let o = -22 - -25. What is the tens digit of -4 + o + 40*1?
3
Let v = -12 - -22. Suppose v*i - 2*i = 48. Suppose -i*t + t + 240 = 0. What is the tens digit of t?
4
Let d = 370 - 252. What is the hundreds digit of d?
1
Let m(d) be the first derivative of d**3/3 - d**2 - 2*d + 3. Let o be m(6). Let t = o + -11. What is the units digit of t?
1
What is the units digit of 2 - (-3 + 1) - (-59070)/55?
8
Let p be (-26)/(-10) + -3 - (-88)/20. Suppose -3*i + i + 72 = 3*a, 2*a - 32 = p*i. What is the tens digit of a?
2
Let l(u) = 5*u**2 + 1. Let n be l(4). Suppose -h = 5*d + 26, 3*h - 5*d + 21 = -37. Let b = n + h. What is the tens digit of b?
6
Let u(p) = 54*p - 3. What is the units digit of u(7)?
5
Let o(w) = 6*w**2 - 481 + 4*w + 478 + 2*w**2. What is the tens digit of o(-3)?
5
Let k(p) = -14*p - 2. Let z be k(11). Let t = 238 + z. What is the tens digit of t?
8
Let v = 105 - -19. What is the units digit of v + (-4)/(-4) + -4?
1
Suppose 2*j + 30 = 22, 0 = -4*q + j + 5120. What is the hundreds digit of q?
2
Let b be (-229)/((4 - 1) + -4). Let u = b - 126. What is the units digit of u?
3
Suppose 2*a + 57 = -5*o, -3*a - o = -a + 37. Let f(g) = -3*g + 8. Let u be f(11). Let l = a - u. What is the units digit of l?
9
Let u(h) = 13*h**3 + 4*h**2 - 7*h + 8. Let m be u(2). Let r = m + -62. What is the tens digit of r?
5
Let o be (60/(-105))/(4/(-14)). Suppose d + o = 0, m + 0*d + 7 = -5*d. Suppose 3*p - m*f - 70 = p, 5*p - 133 = -3*f. What is the units digit of p?
9
Let g 